{"id":2162,"date":"2022-11-14T11:46:32","date_gmt":"2022-11-14T11:46:32","guid":{"rendered":"https:\/\/pre-www.afinkia.es\/?page_id=2162"},"modified":"2023-11-09T12:38:17","modified_gmt":"2023-11-09T12:38:17","slug":"aviso-legal","status":"publish","type":"page","link":"https:\/\/pre-www.afinkia.es\/?page_id=2162","title":{"rendered":"Aviso legal"},"content":{"rendered":"<div class=\"fusion-fullwidth fullwidth-box fusion-builder-row-1 fusion-flex-container has-pattern-background has-mask-background nonhundred-percent-fullwidth non-hundred-percent-height-scrolling\" style=\"--awb-border-radius-top-left:0px;--awb-border-radius-top-right:0px;--awb-border-radius-bottom-right:0px;--awb-border-radius-bottom-left:0px;--awb-flex-wrap:wrap;\" ><div class=\"fusion-builder-row fusion-row fusion-flex-align-items-flex-start fusion-flex-content-wrap\" style=\"max-width:1310.4px;margin-left: calc(-4% \/ 2 );margin-right: calc(-4% \/ 2 );\"><div class=\"fusion-layout-column fusion_builder_column fusion-builder-column-0 fusion_builder_column_1_1 1_1 fusion-flex-column\" style=\"--awb-bg-size:cover;--awb-width-large:100%;--awb-margin-top-large:0px;--awb-spacing-right-large:1.92%;--awb-margin-bottom-large:0px;--awb-spacing-left-large:1.92%;--awb-width-medium:100%;--awb-order-medium:0;--awb-spacing-right-medium:1.92%;--awb-spacing-left-medium:1.92%;--awb-width-small:100%;--awb-order-small:0;--awb-spacing-right-small:1.92%;--awb-spacing-left-small:1.92%;\"><div class=\"fusion-column-wrapper fusion-column-has-shadow fusion-flex-justify-content-flex-start fusion-content-layout-column\"><div class=\"fusion-text fusion-text-1\" style=\"--awb-text-font-family:&quot;Work Sans&quot;;--awb-text-font-style:normal;--awb-text-font-weight:400;\"><div class=\"page-title title-left solid-bg page-title-responsive-enabled\">\n<div class=\"wf-wrap\">\n<div class=\"wf-container-title\">\n<div class=\"wf-table\">\n<div class=\"wf-td hgroup\">\n<h2 style=\"--fontsize: 60; line-height: 1.3; font-size: 60px; --fontSize: 60;\" data-fontsize=\"60\" data-lineheight=\"78px\" class=\"fusion-responsive-typography-calculated\">Aviso legal<\/h2>\n<\/div>\n<\/div>\n<\/div>\n<\/div>\n<\/div>\n<div id=\"main\" class=\"sidebar-none sidebar-divider-off\">\n<div class=\"wf-wrap\">\n<div class=\"wf-container-main\">\n<div id=\"content\" class=\"content\" role=\"main\">\n<p><span style=\"background-color: var(--content_bg_color); color: var(--awb-text-color); font-family: var(--awb-text-font-family); font-size: var(--awb-font-size); font-style: var(--awb-text-font-style); letter-spacing: var(--awb-letter-spacing); text-align: var(--awb-content-alignment); text-transform: var(--awb-text-transform);\"><b>AFINKIA SOLUCIONES DIGITALES, S.L.<\/b><\/span>, con CIF\/NIF B-96202379, titular de la p\u00e1gina web https:\/\/afinkia.es\/, inscrito en el Registro Mercantil de Valencia, Tomo 11455, Folio 211, Secci\u00f3n, Hoja 213774, en cumplimiento de lo dispuesto en la Ley 34\/2002, de 11 de julio, de Servicios de la Sociedad de la Informaci\u00f3n y de Comercio Electr\u00f3nico (LSSICE) y de conformidad con lo dispuesto en las normativas vigentes en protecci\u00f3n de datos personales, el Reglamento (UE) 2016\/679 de 27 de abril de 2016 (RGPD) y la Ley Org\u00e1nica de Protecci\u00f3n de Datos 3\/2018 de 5 de diciembre (LOPDGDD) presenta los siguientes:<\/p>\n<h4 class=\"\" style=\"--fontsize: 23; line-height: 1.3; --minfontsize: 23;\" data-fontsize=\"23\" data-lineheight=\"29.9px\"><strong> <\/strong><\/h4>\n<h4 class=\"\" style=\"--fontsize: 23; line-height: 1.3; --minfontsize: 23;\" data-fontsize=\"23\" data-lineheight=\"29.9px\">DATOS IDENTIFICATIVOS<\/h4>\n<p>Domicilio fiscal: Paseo de la Ciudadela, 13, Entresuelos 2, 3 y 4, 46003, Valencia (Espa\u00f1a).<\/p>\n<p>Tel\u00e9fono de contacto: +34 963 066 262<\/p>\n<p>Correo electr\u00f3nico: <a href=\"mailto:info@afinkia.es\" target=\"_blank\" rel=\"noopener noreferrer\">info@afinkia.es<\/a><\/p>\n<h4 class=\"\" style=\"--fontsize: 23; line-height: 1.3; --minfontsize: 23;\" data-fontsize=\"23\" data-lineheight=\"29.9px\"><\/h4>\n<h4 class=\"\" style=\"--fontsize: 23; line-height: 1.3; --minfontsize: 23;\" data-fontsize=\"23\" data-lineheight=\"29.9px\">CONDICIONES Y USO DE LA WEB<\/h4>\n<p>La prestaci\u00f3n de los servicios por parte de <b>AFINKIA SOLUCIONES DIGITALES, S.L.<\/b>, tiene car\u00e1cter gratuito para todos los usuarios.<\/p>\n<p>Con car\u00e1cter general la prestaci\u00f3n de los servicios no exige la previa suscripci\u00f3n o registro de los usuarios.<\/p>\n<p>En aquellos casos en los que la prestaci\u00f3n del mismo se condicione a la previa complementaci\u00f3n del correspondiente registro de usuario, \u00e9ste se efectuar\u00e1 en la forma expresamente indicada en la propia secci\u00f3n del servicio.<\/p>\n<p>El usuario garantiza la autenticidad y veracidad de los datos comunicados a trav\u00e9s de los formularios para la suscripci\u00f3n de los servicios. Ser\u00e1 responsabilidad del mismo mantener toda la informaci\u00f3n facilitada permanentemente actualizada de forma que responda, en cada momento, a su situaci\u00f3n real. En todo caso, el usuario ser\u00e1 el \u00fanico responsable de las manifestaciones falsas o inexactas que realice y de los perjuicios que cause al prestador o a terceros.<\/p>\n<h4 class=\"\" style=\"--fontsize: 23; line-height: 1.3; --minfontsize: 23;\" data-fontsize=\"23\" data-lineheight=\"29.9px\"><\/h4>\n<h4 class=\"\" style=\"--fontsize: 23; line-height: 1.3; --minfontsize: 23;\" data-fontsize=\"23\" data-lineheight=\"29.9px\">PROPIEDAD INTELECTUAL E INDUSTRIAL<\/h4>\n<p>Los contenidos de toda \u00edndole incluidos en la p\u00e1gina web <a href=\"https:\/\/afinkia.es\/\" target=\"_blank\" rel=\"noopener noreferrer\">https:\/\/afinkia.es\/<\/a>, incluyendo, a t\u00edtulo meramente enunciativo, las im\u00e1genes, ilustraciones, fotograf\u00edas, textos, marcas, logotipos o dise\u00f1os, son propiedad de <b>AFINKIA SOLUCIONES DIGITALES, S.L.<\/b> y\/o de otros colaboradores leg\u00edtimos que han concedido a \u00e9sta los correspondientes derechos de uso. Cualquier uso total o parcial de los contenidos del portal consistente en la reproducci\u00f3n, distribuci\u00f3n, comunicaci\u00f3n p\u00fablica en cualquier modalidad y por cualquier medio est\u00e1 estrictamente prohibida, salvo autorizaci\u00f3n expresa y por escrito de <span style=\"background-color: var(--content_bg_color); color: var(--awb-text-color); font-family: var(--awb-text-font-family); font-size: var(--awb-font-size); font-style: var(--awb-text-font-style); letter-spacing: var(--awb-letter-spacing); text-align: var(--awb-content-alignment); text-transform: var(--awb-text-transform);\"><b>AFINKIA SOLUCIONES DIGITALES, S.L.<\/b><\/span><\/p>\n<h4 class=\"\" style=\"--fontsize: 23; line-height: 1.3; --minfontsize: 23;\" data-fontsize=\"23\" data-lineheight=\"29.9px\"><\/h4>\n<h4 class=\"\" style=\"--fontsize: 23; line-height: 1.3; --minfontsize: 23;\" data-fontsize=\"23\" data-lineheight=\"29.9px\"><\/h4>\n<h4 class=\"\" style=\"--fontsize: 23; line-height: 1.3; --minfontsize: 23;\" data-fontsize=\"23\" data-lineheight=\"29.9px\">EXCLUSION DE GARANT\u00cdAS Y RESPONSABILIDAD<\/h4>\n<p><span style=\"background-color: var(--content_bg_color); color: var(--awb-text-color); font-family: var(--awb-text-font-family); font-size: var(--awb-font-size); font-style: var(--awb-text-font-style); letter-spacing: var(--awb-letter-spacing); text-align: var(--awb-content-alignment); text-transform: var(--awb-text-transform);\"><b>AFINKIA SOLUCIONES DIGITALES, S.L.<\/b><\/span>, no se hace responsable de la legalidad de otros sitios web de terceros desde los que pueda accederse al portal ni tampoco responde por la legalidad de otros sitios web de terceros, que pudieran estar vinculados o enlazados desde este portal.<\/p>\n<p>De la misma manera, no se hace responsable del uso que terceros hagan de la informaci\u00f3n publicada en el portal, ni de los da\u00f1os y perjuicios de cualquier naturaleza que puedan producir por el uso de dicha informaci\u00f3n.<\/p>\n<p>La entidad se reserva el derecho de retirar todos aquellos comentarios y aportaciones que vulneren el respeto a la dignidad de la persona, que sean discriminatorios, xen\u00f3fobos, racistas, pornogr\u00e1ficos, que atenten contra la juventud o la infancia, el orden o la seguridad p\u00fablica o que, a su criterio, no resultaran adecuados para su publicaci\u00f3n. En cualquier caso, la misma no ser\u00e1 responsable de las opiniones manifestadas por los usuarios a trav\u00e9s de los foros, chats, u otras herramientas.<\/p>\n<p>El usuario se compromete a hacer un uso adecuado de los contenidos y servicios que la entidad ofrece a trav\u00e9s de su p\u00e1gina web.<\/p>\n<h4 class=\"\" style=\"--fontsize: 23; line-height: 1.3; --minfontsize: 23;\" data-fontsize=\"23\" data-lineheight=\"29.9px\"><\/h4>\n<h4 class=\"\" style=\"--fontsize: 23; line-height: 1.3; --minfontsize: 23;\" data-fontsize=\"23\" data-lineheight=\"29.9px\">MODIFICACI\u00d3N DE LOS CONTENIDOS<\/h4>\n<p><span style=\"background-color: var(--content_bg_color); color: var(--awb-text-color); font-family: var(--awb-text-font-family); font-size: var(--awb-font-size); font-style: var(--awb-text-font-style); letter-spacing: var(--awb-letter-spacing); text-align: var(--awb-content-alignment); text-transform: var(--awb-text-transform);\"><b>AFINKIA SOLUCIONES DIGITALES, S.L.<\/b><\/span>, se reserva el derecho de realizar en el portal, sin previo aviso, las modificaciones o actualizaciones que considere.<\/p>\n<h4 class=\"\" style=\"--fontsize: 23; line-height: 1.3; --minfontsize: 23;\" data-fontsize=\"23\" data-lineheight=\"29.9px\"><\/h4>\n<h4 class=\"\" style=\"--fontsize: 23; line-height: 1.3; --minfontsize: 23;\" data-fontsize=\"23\" data-lineheight=\"29.9px\">ENLACES<\/h4>\n<p>En el caso de que, en el portal, se dispusiesen enlaces o hiperv\u00ednculos a otros sitios de Internet, <b>AFINKIA SOLUCIONES DIGITALES, S.L.<\/b>, no ejercer\u00e1 ning\u00fan tipo de control sobre dichos sitios y contenidos. <b>AFINKIA SOLUCIONES DIGITALES, S.L.<\/b>, no asumir\u00e1 responsabilidad alguna por los contenidos de alg\u00fan enlace perteneciente a un sitio web ajeno, ni garantizar\u00e1 la disponibilidad t\u00e9cnica, calidad, fiabilidad, exactitud, amplitud, veracidad, validez y constitucionalidad de cualquier material o informaci\u00f3n contenida en ninguno de dichos hiperv\u00ednculos u otros sitios de Internet.<\/p>\n<h4 class=\"\" style=\"--fontsize: 23; line-height: 1.3; --minfontsize: 23;\" data-fontsize=\"23\" data-lineheight=\"29.9px\"><\/h4>\n<h4 class=\"\" style=\"--fontsize: 23; line-height: 1.3; --minfontsize: 23;\" data-fontsize=\"23\" data-lineheight=\"29.9px\">COOKIES<\/h4>\n<p><span style=\"background-color: var(--content_bg_color); color: var(--awb-text-color); font-family: var(--awb-text-font-family); font-size: var(--awb-font-size); font-style: var(--awb-text-font-style); letter-spacing: var(--awb-letter-spacing); text-align: var(--awb-content-alignment); text-transform: var(--awb-text-transform);\"><b>AFINKIA SOLUCIONES DIGITALES, S.L.<\/b><\/span>, utilizar\u00e1 cookies para el correcto funcionamiento de la p\u00e1gina web. Si desea m\u00e1s informaci\u00f3n acerca de qu\u00e9 es una cookie, el tipo de cookies que usa la p\u00e1gina web y con qu\u00e9 finalidad, acceda a nuestra <span style=\"color: rgba(0, 0, 0, 0);\"><a href=\"https:\/\/afinkia.es\/politica-de-cookies\/\" target=\"_blank\" rel=\"noopener noreferrer\">Pol\u00edtica de cookies<\/a><\/span><a style=\"color: var(--awb-color7);\" href=\"https:\/\/afinkia.es\/politica-de-cookies\/\" target=\"_blank\" rel=\"noopener noreferrer\">. <\/a><\/p>\n<h4 class=\"\" style=\"--fontsize: 23; line-height: 1.3; --minfontsize: 23;\" data-fontsize=\"23\" data-lineheight=\"29.9px\"><\/h4>\n<h4 class=\"\" style=\"--fontsize: 23; line-height: 1.3; --minfontsize: 23;\" data-fontsize=\"23\" data-lineheight=\"29.9px\">PROTECCI\u00d3N DE DATOS<\/h4>\n<p>La entidad cumple con lo indicado en la Ley Org\u00e1nica 3\/2018, de 5 de diciembre, de Protecci\u00f3n de Datos Personales y garant\u00eda de los derechos digitales y el Reglamento (UE) 2016\/679 del Parlamento Europeo y del Consejo de 27 de abril de 2016 y dem\u00e1s normativa vigente, relativo al tratamiento de los datos personales del usuario. Para conocer m\u00e1s informaci\u00f3n acerca de c\u00f3mo tratamos sus datos personales, acceda a nuestra <a href=\"https:\/\/afinkia.es\/politica-de-privacidad\/\"><span style=\"color: rgba(0, 0, 0, 0);\"><span style=\"color: #3572a9;\">Pol\u00edtica de Privacidad<\/span><\/span><span style=\"color: #3572a9;\">.<\/span><\/a><\/p>\n<h4 class=\"\" style=\"--fontsize: 23; line-height: 1.3; --minfontsize: 23;\" data-fontsize=\"23\" data-lineheight=\"29.9px\"><\/h4>\n<h4 class=\"\" style=\"--fontsize: 23; line-height: 1.3; --minfontsize: 23;\" data-fontsize=\"23\" data-lineheight=\"29.9px\">MENORES DE EDAD<\/h4>\n<p>Le informamos de que el portal, dirige sus servicios a mayores de 18 a\u00f1os.<\/p>\n<p>La responsabilidad en la determinaci\u00f3n de contenidos concretos a los cuales acceden los menores corresponde a los padres o tutores legales.<\/p>\n<h4 class=\"\" style=\"--fontsize: 23; line-height: 1.3; --minfontsize: 23;\" data-fontsize=\"23\" data-lineheight=\"29.9px\"><\/h4>\n<h4 class=\"\" style=\"--fontsize: 23; line-height: 1.3; --minfontsize: 23;\" data-fontsize=\"23\" data-lineheight=\"29.9px\">MODIFICACI\u00d3N DE LAS PRESENTES CONDICIONES Y DURACI\u00d3N:<\/h4>\n<p><span style=\"background-color: var(--content_bg_color); color: var(--awb-text-color); font-family: var(--awb-text-font-family); font-size: var(--awb-font-size); font-style: var(--awb-text-font-style); letter-spacing: var(--awb-letter-spacing); text-align: var(--awb-content-alignment); text-transform: var(--awb-text-transform);\"><b>AFINKIA SOLUCIONES DIGITALES, S.L.<\/b><\/span>, podr\u00e1 modificar en cualquier momento las condiciones expuestas en la p\u00e1gina web.<\/p>\n<p>La vigencia de las citadas condiciones ir\u00e1 en funci\u00f3n de su exposici\u00f3n y estar\u00e1n vigentes hasta que sean modificadas por otras.<\/p>\n<p style=\"--fontsize: 23; line-height: 1.3; --minfontsize: 23;\"><b>LEGISLACI\u00d3N APLICABLE Y JURISDICCI\u00d3N<\/b><\/p>\n<p>Para la resoluci\u00f3n de las controversias o cuestiones relacionadas con la presente p\u00e1gina web que puedan surgir entre la entidad y el usuario, ser\u00e1 de aplicaci\u00f3n la legislaci\u00f3n espa\u00f1ola, a la que se someten expresamente las partes, siendo competentes para la resoluci\u00f3n de todos los conflictos derivados o relacionados con su uso los Juzgados y Tribunales de Valencia.<\/p>\n<\/div>\n<\/div>\n<\/div>\n<\/div>\n<\/div><\/div><\/div><\/div><\/div>\n","protected":false},"excerpt":{"rendered":"","protected":false},"author":7,"featured_media":0,"parent":0,"menu_order":0,"comment_status":"closed","ping_status":"closed","template":"100-width.php","meta":{"footnotes":""},"class_list":["post-2162","page","type-page","status-publish","hentry"],"jetpack_sharing_enabled":true,"_links":{"self":[{"href":"https:\/\/pre-www.afinkia.es\/index.php?rest_route=\/wp\/v2\/pages\/2162","targetHints":{"allow":["GET"]}}],"collection":[{"href":"https:\/\/pre-www.afinkia.es\/index.php?rest_route=\/wp\/v2\/pages"}],"about":[{"href":"https:\/\/pre-www.afinkia.es\/index.php?rest_route=\/wp\/v2\/types\/page"}],"author":[{"embeddable":true,"href":"https:\/\/pre-www.afinkia.es\/index.php?rest_route=\/wp\/v2\/users\/7"}],"replies":[{"embeddable":true,"href":"https:\/\/pre-www.afinkia.es\/index.php?rest_route=%2Fwp%2Fv2%2Fcomments&post=2162"}],"version-history":[{"count":10,"href":"https:\/\/pre-www.afinkia.es\/index.php?rest_route=\/wp\/v2\/pages\/2162\/revisions"}],"predecessor-version":[{"id":2518,"href":"https:\/\/pre-www.afinkia.es\/index.php?rest_route=\/wp\/v2\/pages\/2162\/revisions\/2518"}],"wp:attachment":[{"href":"https:\/\/pre-www.afinkia.es\/index.php?rest_route=%2Fwp%2Fv2%2Fmedia&parent=2162"}],"curies":[{"name":"wp","href":"https:\/\/api.w.org\/{rel}","templated":true}]}}